3*f + d*p = 1170. Is f prime?
False
Suppose 1669084 - 204797 = 11*z. Is z a prime number?
True
Is (-6)/189 + 10440604260/2268 a composite number?
False
Suppose 0 = -16*i + 21*i - 35. Let p(t) = 1804 + i*t + 529 - 4*t. Is p(0) a composite number?
False
Suppose 0 = -3*u - 12, 2*m = -4*u + 976 - 2318. Is (11 - m)/(3 + (-19)/7) a prime number?
False
Suppose 487*d - 28317126 = 506*d - 79363685. Is d a prime number?
False
Suppose 80*t - 377301 = t - 14*t. Is t composite?
False
Suppose 0 = k - 5*k + 3*l - 325, 2*l - 243 = 3*k. Let d = -76 - k. Is (-3148)/(-4) + 1 + d prime?
False
Suppose -4*y - 3*k = -217214, 5*y + 21*k - 271507 = 19*k. Is y prime?
False
Suppose 38*j = 33*j + 2*r + 18209, 2*j - 7274 = -4*r. Is j a composite number?
True
Suppose -6720 = 73*b - 81*b. Let j be 3 - 2 - -8*243. Suppose -j = -5*z + b. Is z composite?
False
Let u(i) = -4478*i - 1487. Is u(-1) composite?
True
Let l = 369923 - 244452. Is l a prime number?
True
Let u(h) = 88*h**2 - 2*h - 26. Let w be u(-8). Let q = w + -3185. Is q a prime number?
True
Let s be (-60)/75*3/((-18)/15). Suppose y - 7993 = -2*z, 0 = -s*y - y - 2*z + 23979. Is y a prime number?
True
Suppose 83*j - 60 = 68*j. Is 1/j - (-2711313)/108 a composite number?
True
Suppose -p - 2*r + 21 = 0, 49 = p - r + 22. Suppose 29*x - 15460 = p*x. Is x prime?
False
Let g(r) = -1218*r - 2027. Is g(-25) a composite number?
True
Let w(x) = x**2 + 12*x - 6. Let f be w(-13). Suppose 17572 = -f*y + 11*y. Is y composite?
True
Suppose l - 2 = 4*l - 4*x, -2*l - 2*x = 6. Let z be 140/(-24) - l/(-12). Is -3*1/z*6542 composite?
False
Suppose -4*x = -0*w - 4*w - 12, 2*w = -2. Let t(z) = 270*z**2 - 4*z + 1. Is t(x) composite?
True
Suppose -12*y + 12 = -9*y. Suppose -p + 1 = -2*q + 9, -3*p = -y*q + 14. Suppose -7*b + p*b = -1335. Is b a composite number?
True
Let w(i) = 1 - 12*i - 11 - i**3 - 36 + 41*i + 14*i**2. Let c be w(19). Is 3*(2 - c/12) prime?
True
Let p be (-31896)/(-32) + (-1)/(-4). Let g = -612 + p. Suppose 3*v = -i + 110, 2*v - v - g = -4*i. Is i prime?
False
Let n = 82896 - 2629. Is n a prime number?
False
Suppose -3*x + z + 7077 = -0*x, 0 = x + z - 2359. Let g = x + 1123. Is g composite?
True
Suppose -20 = -2*h - 4*m, 3*h + 0*h = -m + 40. Suppose 0 = -h*c + 5182 + 17078. Let n = c + -657. Is n prime?
False
Suppose 24*u = -a + 21*u + 937105, 0 = 3*a - 27*u - 2811171. Is a a composite number?
True
Let q(v) be the third derivative of 0 + 0*v - 4/3*v**3 - 24*v**2 + 1/12*v**5 - 17/12*v**4. Is q(-25) a composite number?
False
Is 4/(-90) + 2012974197/9045 a prime number?
False
Let c(u) = 35032*u**2 - 468*u - 5. Is c(-4) prime?
False
Let k be -1 - (-134)/3 - (-12)/(-18). Suppose -k*y = -39*y - 22228. Is y composite?
False
Suppose 94*p = 2126824 + 2479458. Is p a composite number?
False
Let v = -248 + 269. Is 6/v + (-145014)/(-42) a prime number?
False
Let a(y) be the second derivative of -20*y**3/3 - 7*y**2/2 - y. Let h be a(1). Let p = h - -66. Is p a composite number?
False
Suppose -103 = 3*z + 4*u - 38, 0 = 2*z + u + 50. Let v = z + 64. Is v a prime number?
True
Let j(m) = -m**3 + 10*m**2 - 9*m + 5. Let b(q) = 9*q**2. Let h be b(-1). Let t be j(h). Suppose -260 = -t*y + 135. Is y a composite number?
False
Suppose 4*s + 20 = 0, -3*s + 4 = 2*k + 11. Suppose 34259 = k*c + y + 2*y, 6 = -2*y. Is c composite?
True
Let l(s) = -81*s**3 + 2*s**2 + 35*s + 142. Is l(-4) composite?
True
Let x(k) = 197*k**3 - k**2 - 8*k - 9. Let l be x(4). Suppose 10*z = 17*z - l. Is z a prime number?
False
Suppose 6*l + 81927 = 2*q + 9*l, 0 = -2*q + 5*l + 81951. Suppose -q = -9*w - 15*w. Is w composite?
True
Let q(s) = s**3 - s**2 + s + 6. Let y = -30 + 30. Let h be q(y). Is ((-2)/h)/(3/(-2097)) composite?
False
Suppose 5*x + 87 - 1 = 4*l, 4*l + x - 98 = 0. Is 1 - (10390/(-3))/(8/l) prime?
True
Suppose -252*g = -258*g + 730332. Suppose 0 = -466*o + 460*o + g. Is o composite?
False
Let a be ((-45)/18)/(1/(-2)). Suppose 0 = 5*y + 4*p - p - 5422, -5*p = -a*y + 5390. Is y composite?
True
Suppose -5*m + w - 203 = 3*w, -4*w = -m - 45. Let p = m + 46. Suppose -p*z = z - 3798. Is z composite?
True
Suppose 621463 = 19*a + 215718. Suppose -823*d + 828*d = a. Is d a prime number?
True
Let t = -31910 - -64302. Suppose 0 = 20*v - 28*v + t. Is v a prime number?
True
Suppose 3*q - 70647 = -3*b, 0 = b - 4*q - 24882 + 1323. Is b a prime number?
False
Suppose 0 = -60*r + 120*r - 10217100. Is r composite?
True
Let s = -8919 + 5605. Let u = 5007 + s. Is u composite?
False
Suppose -19 = -7*v + 30. Let i(x) be the third derivative of 35*x**4/24 - 2*x**3 - 12*x**2. Is i(v) prime?
True
Suppose 4*x = -2*a - 0 + 30, 5*x - 45 = -4*a. Suppose d - 6*d + 40 = -a*m, -4*d + 17 = m. Is 1/((9/(-3171))/m) prime?
False
Let h be 2/(-24)*-4*(0 - -159). Suppose 0 + 11 = -x - l, -5*l = -4*x - h. Is 2 - (45495/x + 3/12) a composite number?
False
Let i(h) = 5*h**2 + 6*h + 1. Let t be i(-1). Suppose 2*r + g - 36 = -4*g, t = -5*r - 5*g + 60. Let o(n) = 40*n + 3. Is o(r) a composite number?
True
Let z(k) = -293*k - 2. Let s = 266 + -283. Is z(s) prime?
False
Let u(a) = a**2 - 15*a + 48. Let q be u(6). Let b(g) = 26*g**2 + 4*g + 31. Is b(q) prime?
False
Let s = 144 - 131. Suppose 22*z - s*z = 7785. Is z composite?
True
Is 5 - (-58557 + ((-6)/(-24))/(2/8)) prime?
False
Suppose -5*o + 6 = -2*o. Let b be o - 9/6*-34. Suppose 3*j - 399 - b = -5*i, -4*i = 4*j - 600. Is j composite?
False
Let d = -118 - -123. Suppose 2*b - 6179 = 3*h, -6187 = -b - b - d*h. Is b composite?
True
Let c(v) be the second derivative of 53*v**3/3 - 49*v**2/2 + 24*v + 1. Is c(5) prime?
False
Let k(f) = 9*f**2 + 5*f + 4. Let n(s) = -s + 2. Let r(w) = w**2 - 2*w + 1. Let u(q) = 3*n(q) - 2*r(q). Let l be u(-2). Is k(l) prime?
False
Suppose -489 = 11*h + 567. Is (-8)/h*-4*-61269 a prime number?
False
Let n(u) = u**2 - 9*u - 50. Let g be n(-4). Is (-7 - (-13)/g)*-3694 prime?
True
Suppose 2*c + 2*t = -0*t + 6628, 9963 = 3*c - 4*t. Is (c - 3)/(-3 + 5) a prime number?
True
Let j(d) = -1048*d**3 + 5*d**2 + 4*d - 8. Is j(-3) a composite number?
True
Let s be ((-380931)/(-163))/(-1 + 4). Let y = 3 - 3. Suppose -f - 3*h + s = y, -369 = 4*f + h - 3529. Is f prime?
False
Suppose 2*k = -5*j - 56, 3*k - 21 = -0*j + 3*j. Let s(r) = 8*r**2 + 37*r - 19. Is s(j) a prime number?
False
Suppose 0 = 49*t - 22728306 + 4962545 - 9739948. Is t prime?
False
Is (-892362)/8*(-104)/78 a prime number?
True
Suppose 3*v = 21 - 0. Let j(r) = -r**2. Let t(b) = -9*b**2 + 8*b - 4. Let w(y) = -2*j(y) - t(y). Is w(v) a prime number?
True
Let a(k) be the third derivative of 5*k**4/8 + 2*k**3/3 - 3*k**2. Let h be a(-8). Let f = -61 - h. Is f a composite number?
True
Suppose 96*k - 568883 = -75774 + 194155. Is k a prime number?
True
Suppose -23840 - 23093 = -t + 2*g, -3*g - 93861 = -2*t. Is t a composite number?
True
Suppose 0 = v + 1 - 4. Suppose 0 = -7*n + v*n + 2780. Is n a prime number?
False
Let g = -28886 + 8945. Let z = -13096 - g. Suppose -4*i + z = -7727. Is i prime?
True
Suppose 5936 = -0*u + u. Suppose -6*k + 5470 = -u. Suppose 4*d = d + p + k, -3*d - 5*p = -1907. Is d a composite number?
True
Suppose 5 - 25 = -5*r. Suppose -16361 = -3*t + r*a, -2*t + a = -6965 - 3934. Is t a prime number?
False
Suppose -3*v - 23405 = -4*z, 49*z - 54*z = 2*v - 29285. Is z prime?
False
Suppose 3*u + 530 + 3580 = 0. Let g = -835 - u. Let a = 982 - g. Is a composite?
True
Suppose 3*d - 25 - 33 = -4*j, -4*j + 72 = -4*d. Let r be 2 - 0/((-4)/(j/(-12))). Suppose 0 = 2*p + 3*n - 2*n - 24, -p - 3*n + r = 0. Is p prime?
False
Suppose 9*c = 7*c + 153862. Suppose 11*w + 8*w = c. Is w composite?
False
Suppose -3619 = 4*r - 2*u - 23313, 5*r - 24617 = 3*u. Is 1/1*(r - 5) prime?
True
Let l(t) = -6304*t - 673. Is l(-11) composite?
True
Let v(d) = -d**2 - 4*d. Let j be v(-2). Let s be 28526/10 + (16/(-10))/(-4). Suppose s = 5*g + j*g. Is g prime?
True
Suppose -10*o - 15 = -13*o. Suppose -a + 926 = h + 2, 0 = -4*h - o*a + 3699. Is h composite?
True
Let x(j) = 13*j**2 + 510*j - 466. Is x(-129) prime?
True
Let x(i) = 372 - 65 + 17*i + i**2 - 267 + 3*i**2 - 210. Is x(9) a composite number?
False
Let r = -56 - -51. Is (5 - (r + 10)) + 1822 a composite number?
True
Suppose i = 3*q - 23065 - 11891, -2*q + 23304 = 2*i. Suppose 16891 + q = 17*m. Is m prime?
False
Suppose 6*t - 12833 = -54377. Let p